{"id":124,"date":"2023-11-03T11:50:54","date_gmt":"2023-11-03T10:50:54","guid":{"rendered":"https:\/\/beta.doscuadrados.es\/?post_type=product&#038;p=124"},"modified":"2023-11-03T13:28:00","modified_gmt":"2023-11-03T12:28:00","slug":"fplp-estrategia-para-la-liberacion-de-palestina","status":"publish","type":"product","link":"https:\/\/beta.doscuadrados.es\/index.php\/product\/fplp-estrategia-para-la-liberacion-de-palestina\/","title":{"rendered":"FPLP &#8211; Estrategia para la Liberaci\u00f3n de Palestina"},"content":{"rendered":"<p><a href=\"http:\/\/beta.doscuadrados.es\/wp-content\/uploads\/2023\/11\/S08-ES-Estrategia-para-la-Liberacion-de-Palestina-Spanish-1st-Printing.pdf\">DESCARGA<\/a><\/p>\n<p>El siguiente documento fue publicado por el Frente Popular para la Liberaci\u00f3n de Palestina en febrero de 1969. En esa \u00e9poca fue traducido por el departamento de informaci\u00f3n del FPLP, circulando ampliamente en ingl\u00e9s y otros idiomas. Este completo documento pol\u00edtico y organizativo se prepar\u00f3 para el II Congreso del FPLP.<\/p>\n","protected":false},"excerpt":{"rendered":"<p><a href=\"http:\/\/beta.doscuadrados.es\/wp-content\/uploads\/2023\/11\/S08-ES-Estrategia-para-la-Liberacion-de-Palestina-Spanish-1st-Printing.pdf\">DESCARGA<\/a><\/p>\n<p>El siguiente documento fue publicado por el Frente Popular para la Liberaci\u00f3n de Palestina en febrero de 1969. En esa \u00e9poca fue traducido por el departamento de informaci\u00f3n del FPLP, circulando ampliamente en ingl\u00e9s y otros idiomas. Este completo documento pol\u00edtico y organizativo se prepar\u00f3 para el II Congreso del FPLP.<\/p>\n","protected":false},"featured_media":115,"template":"","meta":[],"product_brand":[],"product_cat":[20,21],"product_tag":[],"class_list":{"0":"post-124","1":"product","2":"type-product","3":"status-publish","4":"has-post-thumbnail","6":"product_cat-colaboraciones","7":"product_cat-edlenguasextranjeras","9":"first","10":"instock","11":"downloadable","12":"virtual","13":"purchasable","14":"product-type-simple"},"_links":{"self":[{"href":"https:\/\/beta.doscuadrados.es\/index.php\/wp-json\/wp\/v2\/product\/124","targetHints":{"allow":["GET"]}}],"collection":[{"href":"https:\/\/beta.doscuadrados.es\/index.php\/wp-json\/wp\/v2\/product"}],"about":[{"href":"https:\/\/beta.doscuadrados.es\/index.php\/wp-json\/wp\/v2\/types\/product"}],"wp:featuredmedia":[{"embeddable":true,"href":"https:\/\/beta.doscuadrados.es\/index.php\/wp-json\/wp\/v2\/media\/115"}],"wp:attachment":[{"href":"https:\/\/beta.doscuadrados.es\/index.php\/wp-json\/wp\/v2\/media?parent=124"}],"wp:term":[{"taxonomy":"product_brand","embeddable":true,"href":"https:\/\/beta.doscuadrados.es\/index.php\/wp-json\/wp\/v2\/product_brand?post=124"},{"taxonomy":"product_cat","embeddable":true,"href":"https:\/\/beta.doscuadrados.es\/index.php\/wp-json\/wp\/v2\/product_cat?post=124"},{"taxonomy":"product_tag","embeddable":true,"href":"https:\/\/beta.doscuadrados.es\/index.php\/wp-json\/wp\/v2\/product_tag?post=124"}],"curies":[{"name":"wp","href":"https:\/\/api.w.org\/{rel}","templated":true}]}}