{"id":131,"date":"2023-11-03T11:58:25","date_gmt":"2023-11-03T10:58:25","guid":{"rendered":"https:\/\/beta.doscuadrados.es\/?post_type=product&#038;p=131"},"modified":"2023-11-03T13:22:32","modified_gmt":"2023-11-03T12:22:32","slug":"ibrahim-kaypakkaya-la-cuestion-nacional","status":"publish","type":"product","link":"https:\/\/beta.doscuadrados.es\/index.php\/product\/ibrahim-kaypakkaya-la-cuestion-nacional\/","title":{"rendered":"Ibrahim Kaypakkaya &#8211; La cuesti\u00f3n nacional"},"content":{"rendered":"<p><a href=\"http:\/\/beta.doscuadrados.es\/wp-content\/uploads\/2023\/11\/S17-ES-Kaypakkaya-National-Question-Spanish-1st-Printing.pdf\">DESCARGA<\/a><\/p>\n<p>Escrito en una \u00e9poca en la que la izquierda turca estaba dividida sobre la cuesti\u00f3n del derecho de las naciones a la autodeterminaci\u00f3n (es decir, el derecho a la secesi\u00f3n), el ensayo de Ibrahim Kaypakkaya fue un estudio concreto de la cuesti\u00f3n kurda y, m\u00e1s ampliamente, un an\u00e1lisis de la visi\u00f3n revolucionaria sobre las minor\u00edas nacionales. Este ensayo, a\u00fan relevante hoy en d\u00eda, nos puede ayudar a entender los movimientos de liberaci\u00f3n nacional actuales.<\/p>\n","protected":false},"excerpt":{"rendered":"<p><a href=\"http:\/\/beta.doscuadrados.es\/wp-content\/uploads\/2023\/11\/S17-ES-Kaypakkaya-National-Question-Spanish-1st-Printing.pdf\">DESCARGA<\/a><\/p>\n<p>Escrito en una \u00e9poca en la que la izquierda turca estaba dividida sobre la cuesti\u00f3n del derecho de las naciones a la autodeterminaci\u00f3n (es decir, el derecho a la secesi\u00f3n), el ensayo de Ibrahim Kaypakkaya fue un estudio concreto de la cuesti\u00f3n kurda y, m\u00e1s ampliamente, un an\u00e1lisis de la visi\u00f3n revolucionaria sobre las minor\u00edas nacionales. Este ensayo, a\u00fan relevante hoy en d\u00eda, nos puede ayudar a entender los movimientos de liberaci\u00f3n nacional actuales.<\/p>\n","protected":false},"featured_media":120,"template":"","meta":[],"product_brand":[],"product_cat":[20,21],"product_tag":[],"class_list":{"0":"post-131","1":"product","2":"type-product","3":"status-publish","4":"has-post-thumbnail","6":"product_cat-colaboraciones","7":"product_cat-edlenguasextranjeras","9":"first","10":"instock","11":"downloadable","12":"virtual","13":"purchasable","14":"product-type-simple"},"_links":{"self":[{"href":"https:\/\/beta.doscuadrados.es\/index.php\/wp-json\/wp\/v2\/product\/131","targetHints":{"allow":["GET"]}}],"collection":[{"href":"https:\/\/beta.doscuadrados.es\/index.php\/wp-json\/wp\/v2\/product"}],"about":[{"href":"https:\/\/beta.doscuadrados.es\/index.php\/wp-json\/wp\/v2\/types\/product"}],"wp:featuredmedia":[{"embeddable":true,"href":"https:\/\/beta.doscuadrados.es\/index.php\/wp-json\/wp\/v2\/media\/120"}],"wp:attachment":[{"href":"https:\/\/beta.doscuadrados.es\/index.php\/wp-json\/wp\/v2\/media?parent=131"}],"wp:term":[{"taxonomy":"product_brand","embeddable":true,"href":"https:\/\/beta.doscuadrados.es\/index.php\/wp-json\/wp\/v2\/product_brand?post=131"},{"taxonomy":"product_cat","embeddable":true,"href":"https:\/\/beta.doscuadrados.es\/index.php\/wp-json\/wp\/v2\/product_cat?post=131"},{"taxonomy":"product_tag","embeddable":true,"href":"https:\/\/beta.doscuadrados.es\/index.php\/wp-json\/wp\/v2\/product_tag?post=131"}],"curies":[{"name":"wp","href":"https:\/\/api.w.org\/{rel}","templated":true}]}}