{"id":239,"date":"2024-01-24T13:19:52","date_gmt":"2024-01-24T12:19:52","guid":{"rendered":"https:\/\/beta.doscuadrados.es\/?post_type=product&#038;p=239"},"modified":"2024-01-24T13:19:52","modified_gmt":"2024-01-24T12:19:52","slug":"guillermaz-historia-del-partido-comunista-chino-1921-1949","status":"publish","type":"product","link":"https:\/\/beta.doscuadrados.es\/index.php\/product\/guillermaz-historia-del-partido-comunista-chino-1921-1949\/","title":{"rendered":"Guillermaz &#8211; Historia del Partido Comunista Chino (1921-1949)"},"content":{"rendered":"<p><a href=\"http:\/\/beta.doscuadrados.es\/wp-content\/uploads\/2024\/01\/Jacques-Guillermaz-Historia-del-partido-comunista-chino-1927-Version-digital.pdf\">DESCARGA<\/a><\/p>\n<p>&nbsp;<\/p>\n<p>La revoluci\u00f3n china es, fundamentalmente, un proceso revolucionario atravesado por diferentes sujetos hist\u00f3ricos en un contexto marcado por la cuesti\u00f3n anticolonialista y el protagonismo de la Internacional Comunista. Este primer volumen analiza los elementos constitutivos del Partido Comunista Chino en sus diferentes etapas hasta el triunfo de la revoluci\u00f3n en 1949. Recorre desde su alianza con la burgues\u00eda antiimperialista en China siguiendo las tesis de la Comintern, representada por el Kuomintang, hasta la ruptura de dicha alianza con este \u00faltimo tras la insurrecci\u00f3n en 1927. Tras ello se dar\u00e1 un proceso de, primero, distancia con la Comintern y su comprensi\u00f3n de la v\u00eda considerada correcta para la revoluci\u00f3n en contextos coloniales y, despu\u00e9s, de ruptura con respecto a sus instrumentos fundamentales. La t\u00e1ctica y la estrategia de la acci\u00f3n del Partido Comunista Chino se ver\u00e1 radicalmente modificada para ajustarse a las condiciones y din\u00e1micas existentes en China de cara a, subsecuentemente, poder participar, con criterio independiente, en las guerras revolucionarias que puedan alterar esas condiciones y din\u00e1micas favorablemente. Ser\u00e1 en el curso de esas acciones como crear\u00e1n las posibilidades reales que permitir\u00e1n, ingeniosamente, la construcci\u00f3n de un nuevo poder revolucionario para triunfar contra todo pron\u00f3stico.<\/p>\n","protected":false},"excerpt":{"rendered":"<p>DESCARGA &nbsp; La revoluci\u00f3n china es, fundamentalmente, un proceso revolucionario atravesado por diferentes sujetos hist\u00f3ricos en un contexto marcado por la cuesti\u00f3n anticolonialista y el protagonismo de la Internacional Comunista. Este primer volumen analiza los elementos constitutivos del Partido Comunista Chino en sus diferentes etapas hasta el triunfo de la revoluci\u00f3n en 1949. Recorre desde [&hellip;]<\/p>\n","protected":false},"featured_media":235,"template":"","meta":[],"product_brand":[],"product_cat":[19],"product_tag":[25,24],"class_list":{"0":"post-239","1":"product","2":"type-product","3":"status-publish","4":"has-post-thumbnail","6":"product_cat-doscuadrados","7":"product_tag-china","8":"product_tag-historia","10":"first","11":"instock","12":"downloadable","13":"virtual","14":"purchasable","15":"product-type-simple"},"_links":{"self":[{"href":"https:\/\/beta.doscuadrados.es\/index.php\/wp-json\/wp\/v2\/product\/239","targetHints":{"allow":["GET"]}}],"collection":[{"href":"https:\/\/beta.doscuadrados.es\/index.php\/wp-json\/wp\/v2\/product"}],"about":[{"href":"https:\/\/beta.doscuadrados.es\/index.php\/wp-json\/wp\/v2\/types\/product"}],"wp:featuredmedia":[{"embeddable":true,"href":"https:\/\/beta.doscuadrados.es\/index.php\/wp-json\/wp\/v2\/media\/235"}],"wp:attachment":[{"href":"https:\/\/beta.doscuadrados.es\/index.php\/wp-json\/wp\/v2\/media?parent=239"}],"wp:term":[{"taxonomy":"product_brand","embeddable":true,"href":"https:\/\/beta.doscuadrados.es\/index.php\/wp-json\/wp\/v2\/product_brand?post=239"},{"taxonomy":"product_cat","embeddable":true,"href":"https:\/\/beta.doscuadrados.es\/index.php\/wp-json\/wp\/v2\/product_cat?post=239"},{"taxonomy":"product_tag","embeddable":true,"href":"https:\/\/beta.doscuadrados.es\/index.php\/wp-json\/wp\/v2\/product_tag?post=239"}],"curies":[{"name":"wp","href":"https:\/\/api.w.org\/{rel}","templated":true}]}}