{"id":71,"date":"2023-11-03T11:19:44","date_gmt":"2023-11-03T10:19:44","guid":{"rendered":"https:\/\/beta.doscuadrados.es\/?post_type=product&#038;p=71"},"modified":"2023-11-03T13:54:45","modified_gmt":"2023-11-03T12:54:45","slug":"robinson-rojas-la-guardia-roja-conquista-china","status":"publish","type":"product","link":"https:\/\/beta.doscuadrados.es\/index.php\/product\/robinson-rojas-la-guardia-roja-conquista-china\/","title":{"rendered":"Robinson Rojas &#8211; La guardia roja conquista China"},"content":{"rendered":"<p><a href=\"http:\/\/beta.doscuadrados.es\/wp-content\/uploads\/2023\/11\/Rojas-Robinson-La-Guardia-Roja-Conquista-China-Versi\u251c\u2502n-Digital.pdf\">DESCARGA<\/a><\/p>\n<p>La Gran Revoluci\u00f3n Cultural Proletaria es, en esencia, una gran revoluci\u00f3n pol\u00edtica que realiza el proletariado contra la burgues\u00eda y las dem\u00e1s clases explotadoras en las condiciones del socialismo. Es una continuaci\u00f3n de la prolongada lucha entre el Partido Comunista de China y las masas populares revolucionarias bajo su direcci\u00f3n, por una parte, y los reaccionarios del Kuomintang, por la otra. Una continuaci\u00f3n de la lucha de clases entre el proletariado y la burgues\u00eda.<\/p>\n<p>Testigo privilegiado y participante activo por la causa del proletariado, la Gran Revoluci\u00f3n Cultural Proletaria narrada por Rojas constituye un libro de incalculable valor hist\u00f3rico que permite establecer una comparativa sobre la continuidad y ruptura entre los dos grandes socialismos establecidos en el mundo: el sovi\u00e9tico y el chino.<\/p>\n","protected":false},"excerpt":{"rendered":"<p><a href=\"http:\/\/beta.doscuadrados.es\/wp-content\/uploads\/2023\/11\/Rojas-Robinson-La-Guardia-Roja-Conquista-China-Versi\u251c\u2502n-Digital.pdf\">DESCARGA<\/a><\/p>\n<p>La Gran Revoluci\u00f3n Cultural Proletaria es, en esencia, una gran revoluci\u00f3n pol\u00edtica que realiza el proletariado contra la burgues\u00eda y las dem\u00e1s clases explotadoras en las condiciones del socialismo. Es una continuaci\u00f3n de la prolongada lucha entre el Partido Comunista de China y las masas populares revolucionarias bajo su direcci\u00f3n, por una parte, y los reaccionarios del Kuomintang, por la otra. Una continuaci\u00f3n de la lucha de clases entre el proletariado y la burgues\u00eda.<\/p>\n<p>Testigo privilegiado y participante activo por la causa del proletariado, la Gran Revoluci\u00f3n Cultural Proletaria narrada por Rojas constituye un libro de incalculable valor hist\u00f3rico que permite establecer una comparativa sobre la continuidad y ruptura entre los dos grandes socialismos establecidos en el mundo: el sovi\u00e9tico y el chino.<\/p>\n","protected":false},"featured_media":50,"template":"","meta":[],"product_brand":[],"product_cat":[19],"product_tag":[],"class_list":{"0":"post-71","1":"product","2":"type-product","3":"status-publish","4":"has-post-thumbnail","6":"product_cat-doscuadrados","8":"first","9":"instock","10":"downloadable","11":"virtual","12":"purchasable","13":"product-type-simple"},"_links":{"self":[{"href":"https:\/\/beta.doscuadrados.es\/index.php\/wp-json\/wp\/v2\/product\/71","targetHints":{"allow":["GET"]}}],"collection":[{"href":"https:\/\/beta.doscuadrados.es\/index.php\/wp-json\/wp\/v2\/product"}],"about":[{"href":"https:\/\/beta.doscuadrados.es\/index.php\/wp-json\/wp\/v2\/types\/product"}],"wp:featuredmedia":[{"embeddable":true,"href":"https:\/\/beta.doscuadrados.es\/index.php\/wp-json\/wp\/v2\/media\/50"}],"wp:attachment":[{"href":"https:\/\/beta.doscuadrados.es\/index.php\/wp-json\/wp\/v2\/media?parent=71"}],"wp:term":[{"taxonomy":"product_brand","embeddable":true,"href":"https:\/\/beta.doscuadrados.es\/index.php\/wp-json\/wp\/v2\/product_brand?post=71"},{"taxonomy":"product_cat","embeddable":true,"href":"https:\/\/beta.doscuadrados.es\/index.php\/wp-json\/wp\/v2\/product_cat?post=71"},{"taxonomy":"product_tag","embeddable":true,"href":"https:\/\/beta.doscuadrados.es\/index.php\/wp-json\/wp\/v2\/product_tag?post=71"}],"curies":[{"name":"wp","href":"https:\/\/api.w.org\/{rel}","templated":true}]}}