{"id":96,"date":"2023-11-03T11:36:53","date_gmt":"2023-11-03T10:36:53","guid":{"rendered":"https:\/\/beta.doscuadrados.es\/?post_type=product&#038;p=96"},"modified":"2023-11-03T13:37:22","modified_gmt":"2023-11-03T12:37:22","slug":"charles-bettelheim-las-luchas-de-clases-en-la-urss-1930-1941-la-nueva-clase-dominante","status":"publish","type":"product","link":"https:\/\/beta.doscuadrados.es\/index.php\/product\/charles-bettelheim-las-luchas-de-clases-en-la-urss-1930-1941-la-nueva-clase-dominante\/","title":{"rendered":"Charles Bettelheim &#8211; Las luchas de clases en la URSS (1930-1941): La nueva clase dominante"},"content":{"rendered":"<p><a href=\"http:\/\/beta.doscuadrados.es\/wp-content\/uploads\/2023\/11\/Bettelheim-C.-Las-luchas-de-clases-en-la-URSS-Vol-IV-La-nueva-clase-dominante-Version-Digital-1.pdf\">DESCARGA<\/a><\/p>\n<p>Con este \u00faltimo volumen dedicado al per\u00edodo de 1930-1941, Charles Bettelheim cierra su vasta obra consagrada a las luchas de clases en la URSS desde la revoluci\u00f3n de Octubre hasta la II Guerra Mundial.<\/p>\n<p>En su primer tomo centrado en la clase dominada, hab\u00eda descrito los procesos relativos a la expropiaci\u00f3n del campesinado, a la militarizaci\u00f3n de la clase obrera y al formidable proceso de acumulaci\u00f3n capitalista producto de la contrarrevoluci\u00f3n de los a\u00f1os 30. En este segundo tomo, consagrado a la formaci\u00f3n de la nueva clase dominante, revela la l\u00f3gica \u00faltima del estalinismo: el establecimiento de un capitalismo de partido. El partido dirigente, otrora vanguardia del proletariado, se convierte en su contrario: organizador de la nueva burgues\u00eda burocr\u00e1tica. Dicho partido se unifica por medio del sacrificio de los viejos bolcheviques y de sus fracciones; por medio de la ideolog\u00eda (modo de producci\u00f3n socialista) y, en el panorama internacional, por medio de la defensa de sus intereses nacionales a trav\u00e9s de la Internacional Comunista (al precio de sacrificar los diferentes procesos revolucionarios existentes en el mundo). De este modo, asegura la dominaci\u00f3n pol\u00edtica de estos nuevos explotadores sobre todo el proceso de producci\u00f3n, a expensas de las necesidades mismas de la acumulaci\u00f3n.<\/p>\n<p>Despu\u00e9s de 1941, el sistema apenas cambia desde la muerte de Stalin. Lo \u00fanico revelante es que ha entrado en una crisis generalizada de la que la URSS pretende salir mediante el expansionismo mundial.<\/p>\n","protected":false},"excerpt":{"rendered":"<p><a href=\"http:\/\/beta.doscuadrados.es\/wp-content\/uploads\/2023\/11\/Bettelheim-C.-Las-luchas-de-clases-en-la-URSS-Vol-IV-La-nueva-clase-dominante-Version-Digital-1.pdf\">DESCARGA<\/a><\/p>\n<p>Con este \u00faltimo volumen dedicado al per\u00edodo de 1930-1941, Charles Bettelheim cierra su vasta obra consagrada a las luchas de clases en la URSS desde la revoluci\u00f3n de Octubre hasta la II Guerra Mundial.<\/p>\n<p>En su primer tomo centrado en la clase dominada, hab\u00eda descrito los procesos relativos a la expropiaci\u00f3n del campesinado, a la militarizaci\u00f3n de la clase obrera y al formidable proceso de acumulaci\u00f3n capitalista producto de la contrarrevoluci\u00f3n de los a\u00f1os 30. En este segundo tomo, consagrado a la formaci\u00f3n de la nueva clase dominante, revela la l\u00f3gica \u00faltima del estalinismo: el establecimiento de un capitalismo de partido. El partido dirigente, otrora vanguardia del proletariado, se convierte en su contrario: organizador de la nueva burgues\u00eda burocr\u00e1tica. Dicho partido se unifica por medio del sacrificio de los viejos bolcheviques y de sus fracciones; por medio de la ideolog\u00eda (modo de producci\u00f3n socialista) y, en el panorama internacional, por medio de la defensa de sus intereses nacionales a trav\u00e9s de la Internacional Comunista (al precio de sacrificar los diferentes procesos revolucionarios existentes en el mundo). De este modo, asegura la dominaci\u00f3n pol\u00edtica de estos nuevos explotadores sobre todo el proceso de producci\u00f3n, a expensas de las necesidades mismas de la acumulaci\u00f3n.<\/p>\n<p>Despu\u00e9s de 1941, el sistema apenas cambia desde la muerte de Stalin. Lo \u00fanico revelante es que ha entrado en una crisis generalizada de la que la URSS pretende salir mediante el expansionismo mundial.<\/p>\n","protected":false},"featured_media":38,"template":"","meta":[],"product_brand":[],"product_cat":[19],"product_tag":[],"class_list":{"0":"post-96","1":"product","2":"type-product","3":"status-publish","4":"has-post-thumbnail","6":"product_cat-doscuadrados","8":"first","9":"instock","10":"downloadable","11":"virtual","12":"purchasable","13":"product-type-simple"},"_links":{"self":[{"href":"https:\/\/beta.doscuadrados.es\/index.php\/wp-json\/wp\/v2\/product\/96","targetHints":{"allow":["GET"]}}],"collection":[{"href":"https:\/\/beta.doscuadrados.es\/index.php\/wp-json\/wp\/v2\/product"}],"about":[{"href":"https:\/\/beta.doscuadrados.es\/index.php\/wp-json\/wp\/v2\/types\/product"}],"wp:featuredmedia":[{"embeddable":true,"href":"https:\/\/beta.doscuadrados.es\/index.php\/wp-json\/wp\/v2\/media\/38"}],"wp:attachment":[{"href":"https:\/\/beta.doscuadrados.es\/index.php\/wp-json\/wp\/v2\/media?parent=96"}],"wp:term":[{"taxonomy":"product_brand","embeddable":true,"href":"https:\/\/beta.doscuadrados.es\/index.php\/wp-json\/wp\/v2\/product_brand?post=96"},{"taxonomy":"product_cat","embeddable":true,"href":"https:\/\/beta.doscuadrados.es\/index.php\/wp-json\/wp\/v2\/product_cat?post=96"},{"taxonomy":"product_tag","embeddable":true,"href":"https:\/\/beta.doscuadrados.es\/index.php\/wp-json\/wp\/v2\/product_tag?post=96"}],"curies":[{"name":"wp","href":"https:\/\/api.w.org\/{rel}","templated":true}]}}